ermine i(-2).
5
Let f(s) be the third derivative of s**5/60 - s**4/24 + s**3/6 - s**2. Suppose 2*v - 4*u + 4 = 0, 0 = 3*u - 6*u. Determine f(v).
7
Suppose 0 = i - 2*i + 2. Let l(p) = -4 - 3*p - 3*p + 5*p + i*p. Calculate l(0).
-4
Let x(r) be the second derivative of -2*r + 2/3*r**3 - 1/2*r**2 + 0 + 1/6*r**4. Calculate x(-3).
5
Suppose 0 = -3*v + 4*v - 6. Let k(q) = 4*q + 12. Let w(l) = l + 1. Let r(s) = k(s) - 5*w(s). Calculate r(v).
1
Let h(c) be the third derivative of c**6/120 + c**5/10 + c**4/6 - c**3/2 + 4*c**2. Give h(-5).
2
Let g(l) = -4*l**2 - 17*l**3 + 7 + 11*l**3 + 5*l**3 + 8*l. Let a(c) = -c**3 + 7*c**2 + 8*c - 5. Let q be a(8). Determine g(q).
-8
Let g(m) = -m - 3. Let z be g(-8). Suppose 5*i - 4*i - z = 0. Let o(p) be the third derivative of -p**6/120 + p**5/15 + p**4/4 - p**3/3 - p**2. What is o(i)?
3
Let i(j) be the third derivative of 4*j**2 - 1/30*j**5 + 0*j + 0 + 1/120*j**6 + 1/6*j**3 + 1/12*j**4. Calculate i(2).
5
Let u(f) = 4*f - f**3 - 69 + 4*f**2 + 34 + 32. Determine u(4).
13
Suppose -4*s - 12 = 2*f + 4, -1 = -s + 2*f. Let v(o) = 3*o - 2*o + 3*o**2 + o**3 + 2 + 0. Calculate v(s).
-1
Let n(z) be the third derivative of -1/60*z**5 + 0 + 1/8*z**4 - 2*z**2 + 0*z + 5/6*z**3. What is n(5)?
-5
Let h(z) = z**3 - 4*z**2 - 3. Suppose 2*q - 4*q + 14 = 0. Suppose q + 1 = 2*r. Calculate h(r).
-3
Let m(n) = 3 - n**2 - 3*n - n - n. Let x(l) = -l**2 - 10*l - 12. Let s be x(-9). Let u be (s - 1/(-2))*2. Calculate m(u).
3
Let x be 2*((-3)/(-6))/1. Let m be (-1)/2 + (-5)/(-2). Let p be m/(-1) + x + -2. Let y(v) = -v**3 - v**2 + 2*v - 3. Determine y(p).
9
Let s(y) = y**2 - y - 2. Suppose 3 = c - 1. Suppose -2*j + c*j - 2 = 4*a, j = -4*a + 7. Give s(j).
4
Let h(d) = -3*d - 4. Suppose -y + 2 = 5. Let c = y - -7. Suppose 0*x - 5*k = -x + 7, -4*k + 4 = -c*x. What is h(x)?
5
Let y(c) = -c**2 + 7*c - 5. Suppose 34 = 5*l + 4*h, 4*h + 7 + 1 = 2*l. Give y(l).
1
Let y(i) be the third derivative of -4*i**2 + 0*i + 0 - 1/3*i**3 + 1/120*i**6 + 1/20*i**5 + 1/12*i**4. Determine y(-2).
-2
Let v(q) = -2*q - 3. Let k be v(-4). Let j(b) = b**2 + 7 + 5*b - b**3 - 12*b + 5*b**2. What is j(k)?
-3
Let o(w) = w**3 + 6*w**2 + 4*w. Let t = 3 + -15. Let b be (-2)/6*t/1. Suppose b*a = -5 - 15. Calculate o(a).
5
Let q(g) = g**3 + 10*g**2 - 14*g - 13. Let f be q(-11). Suppose 0 = 3*o - 5*z + 10, o - f = 2*o - 5*z. Let h(m) = m**2 - 3*m - 5. Determine h(o).
5
Let t(i) = 6 - 47*i**3 + 91*i**3 - 45*i**3 + i. Let z be t(0). Let p(n) = 4 - 7*n**2 + 6*n - n**3 - 9 + 2*n**3. Determine p(z).
-5
Let u = 10 + -7. Suppose -6*z - 2*f = -2*z - 6, -5*z = -u*f - 13. Let j(x) = 2*x**2 + 3*x + 0*x - x**z - 4*x. Determine j(2).
2
Suppose 3*t - 5*t = -8. Suppose -x = -z + t, z = 5*x + 2*z - 10. Let s(m) = 2*m - m**2 + 3*m**2 - 3*m**2. Calculate s(x).
1
Let c(t) = t**2 - 7*t - 4. Let u be c(8). Let a(d) = u*d + d**3 - 3*d**2 + 2 + d**3 - 3*d**3 + 0*d**3. Give a(-3).
-10
Let g(p) be the third derivative of p**6/120 + p**5/20 + p**4/8 + p**3/2 - 2*p**2. Suppose 0 = 3*n - n + 4. Give g(n).
1
Let s = 6 - 4. Let j be 1/((-3)/(-5 + s)). Let c(y) = -j - y**2 + 2*y + 1. What is c(3)?
-3
Let h(n) be the first derivative of 2*n**3/3 + n + 3. Let q = -4 - -3. Calculate h(q).
3
Let j(i) = -i + 1. Let h = -8 - -23. Suppose 0 = -2*v - 3*v - h. Let g(z) = z**3 + 4*z**2 + 3*z + 2. Let b be g(v). Determine j(b).
-1
Let d(s) = 3*s + 3. Let t(o) be the first derivative of o**3/3 + 9*o**2/2 - 2*o + 6. Let p(h) = -h**2. Let z be p(3). Let m be t(z). What is d(m)?
-3
Let j(q) be the second derivative of -q**4/12 + q**3 - 7*q**2/2 - 4*q. Suppose -12 + 0 = -4*k. Suppose -7 - 11 = -k*g. What is j(g)?
-7
Let l(t) = 5*t**3 + 4*t**2 - 3*t - 9. Let j(a) = -11*a**3 - 8*a**2 + 6*a + 19. Let x(z) = 4*j(z) + 9*l(z). Calculate x(-4).
7
Suppose -3 = 5*b - 18. Let t(q) = -7*q + 12. Let a(d) = -3*d + 6. Let g = -5 + 7. Let u(k) = g*t(k) - 5*a(k). Give u(b).
-3
Let l(r) = -r**3 - 6*r**2 - 3. Let u(s) = s**3 - 5*s**2 + 5*s - 31. Let a be u(5). What is l(a)?
-3
Let b(u) = -4*u**2 + u. Let w(g) = -g**2 - g - 1. Let p(y) = b(y) - 5*w(y). Let t = -4 + -1. What is p(t)?
0
Let p be (-8)/6*(-9)/(-6). Let c(i) = 0 + 2*i - 4 + 3. Calculate c(p).
-5
Suppose -y - 5 = -2*g, 0 = -3*g + 5*y - 6 - 4. Let c(x) = -5*x**2 - x**3 + g*x**2 - x. Calculate c(0).
0
Let w(a) = -3*a**2 - 10*a + 32. Let d(x) = x**2 + 3*x - 11. Let v(z) = -8*d(z) - 3*w(z). Let r = 69 + -75. Determine v(r).
-8
Let a = -12 + 20. Suppose -3*s + a = -0*s + 4*x, -4*x + 8 = -5*s. Let c(h) = -h**2 - h. What is c(s)?
0
Suppose -2*k + k = -4. Let a be k/(-8)*(1 + -5). Let d(p) = 0*p - p - 2 + p**a + 4*p + p. Give d(-4).
-2
Let q = 5 + -2. Suppose -4 = -q*w + w. Let o(m) = m - 6*m**w + 4*m**2 - 1 + 3. Give o(2).
-4
Let x(w) = w + 3. Let y be -2*14/(-3)*(-27)/(-36). Determine x(y).
10
Let i(k) = k**2 + 12*k + 3. Let a be i(-9). Let m be a/(-14) + 4/14. Let z(q) = 2*q**3 - 3*q**2. Calculate z(m).
4
Let h(d) = -d + 5. Let r(y) = -y + 6. Let k(g) = 6*h(g) - 5*r(g). What is k(-8)?
8
Let s be -2*((-3)/(-2) + 0). Let t(o) = -o**3 + 4*o**2 - 4*o + 2. Let j be t(2). Let l(r) = 8*r**2 + 2 - 6 - 2*r**3 - j*r + 3*r**3 - 5*r**2. Determine l(s).
2
Suppose -5*r + 3*b = b - 21, r - 3*b - 12 = 0. Let p(c) = 1 + 2*c - 6*c - r. Determine p(-2).
6
Let k(r) be the second derivative of r**3/2 - r**2/2 - r. Calculate k(3).
8
Let s(p) = -6*p**2 - 5*p + 1. Let z(c) = -5*c**2 - 5*c. Let t(v) = 4*s(v) - 5*z(v). Let q(n) = -2*n**2 - 11*n - 9. Let i(y) = 3*q(y) + 7*t(y). What is i(-4)?
9
Let j(y) = -y**2 + 1. Let w(r) = 4*r - 1. Let u(g) = j(g) + w(g). Let q = 4 + -7. Let h = q - -6. Determine u(h).
3
Let s(c) be the third derivative of -c**6/120 - c**5/12 + c**4/24 - c**3/3 - 24*c**2. Suppose -10 - 15 = 5*g. What is s(g)?
-7
Let l = 4 + 2. Let u(f) = -5*f + l*f**3 - 8*f**2 + 3*f**3 + 2*f**2 + 2 - 10*f**3. What is u(-5)?
2
Let w = 16 - 22. Let r(k) = -5*k**2 - 8*k - 11. Let h(s) = -6*s**2 - 8*s - 12. Let d(o) = -3*o + 5. Let m be d(0). Let z(i) = m*r(i) - 4*h(i). Give z(w).
5
Let v(w) = 5*w + 1 - 3*w + 0 - 3*w. Let a(g) be the second derivative of -g**3 + 7*g**2/2 - 2*g. Let p(s) = a(s) - 5*v(s). What is p(-3)?
5
Let x(j) = 5*j**2 + 16*j + 5. Let c(z) = 11*z**2 + 34*z + 10. Let m(y) = -4*c(y) + 9*x(y). What is m(-6)?
-7
Let m(y) = -y**2 + 4*y + 7. Let q = -9 + 15. What is m(q)?
-5
Suppose 10 = -4*u - 10. Let i(v) = -v**2 - 6*v - 6. Calculate i(u).
-1
Let x = -2 + 2. Suppose x = 2*b + 2. Let n(j) = -3*j. What is n(b)?
3
Let g(x) = -3*x**2 - x. Let c = 1 - 2. What is g(c)?
-2
Let v(j) = j**2 + 6*j + 3. Let a be v(-6). Let y be (0 - -1)*1 - -3. Let z(n) = 4 + 2*n - y. Give z(a).
6
Let u(f) be the third derivative of -f**5/60 - 5*f**4/24 + 7*f**3/6 - 2*f**2. Let t be (-284)/(-14) + 4/(-14). Suppose v - 5*v = t. Give u(v).
7
Let d(a) be the third derivative of -a**6/60 - a**5/60 + a**4/6 - a**3/2 + 4*a**2. Determine d(2).
-15
Suppose 5*n + 3*f + 28 = 0, -n - 2*f - 2*f = 9. Let j(y) = y**3 + 4*y**2 - 4*y - 4. Give j(n).
-9
Let i(l) be the second derivative of l**3/6 + 5*l**2/2 - 18*l. Give i(0).
5
Let p(f) = -f + 5. Let d be p(0). Let n(c) = 4*c**3 - 4*c**2 + 1. Let o(g) = -5*g**3 + 4*g**2 - 1. Let h(i) = d*o(i) + 6*n(i). What is h(-3)?
-8
Let j be ((-24)/20)/((-3)/((-30)/4)). Let r(n) = -2*n**2 - 4*n - 3. What is r(j)?
-9
Let m(d) = 7*d**2 - d**3 + 14 - 35 + 17 - 4*d. Calculate m(6).
8
Let c(t) = -2*t**3 - 2*t**2 - t. Let h be ((-7)/(-7) + 2/(-1))*1. Calculate c(h).
1
Let l = 5 - 8. Let r(t) = t - 8. Let w(n) = -3*n + 17. Let b(x) = -5*r(x) - 2*w(x). Calculate b(l).
3
Let l(b) = b**2 - 3*b - 1. Let p(v) = v**3 - 7*v**2 - 7*v - 3. Let w be p(8). Determine l(w).
9
Let b(z) = z**2 - 13*z + 22. Let d be b(11). Let v(y) = -y + 6. Determine v(d).
6
Let c(z) be the first derivative of -1/12*z**4 + 0*z + 5/6*z**3 + 1 + 1/120*z**6 - z**2 + 1/20*z**5. Let i(d) be the second derivative of c(d). Give i(-4).
-3
Suppose -16 = -5*m - 56. Let w = 10 + m. Let t be (5 + -10)*w/(-2). Let z(k) = -k + 8. What is z(t)?
3
Suppose -32 = -4*t - 4*f, 4 = 5*t - f - 6. Let s(z) be the third derivative of -4*z**2 + 1/24*z**4 + 0*z - 1/6*z**t + 0. Determine s(1).
0
Let o(x) be the second derivative of -x**6/120 - x**5/60 + x**4/24 + x**3/3 - x**2 - 3*x. Let h(n) be the first derivative of o(n). Calculate h(0).
2
Suppose 0 = -2*n + 24 - 8. 